{"id":41,"date":"2018-06-22T22:57:33","date_gmt":"2018-06-22T20:57:33","guid":{"rendered":"http:\/\/puces.lv\/?page_id=41"},"modified":"2019-10-29T14:13:28","modified_gmt":"2019-10-29T11:13:28","slug":"par-mums","status":"publish","type":"page","link":"https:\/\/puces.lv\/?page_id=41","title":{"rendered":"Par mums"},"content":{"rendered":"<p>Ofici\u0101lais Husqvarna izplat\u012bt\u0101js SIA \u2018\u2018Ajona\u2019\u2019 pied\u0101v\u0101 me\u017ea un d\u0101rza darbiem nepiecie\u0161am\u0101s tehnikas un instrumentu tirdzniec\u012bbu, k\u0101 ar\u012b to garantijas un p\u0113cgarantijas apkopi un remontu kop\u0161 1996.gada.<\/p>\n<p>Pied\u0101v\u0101jam pasaul\u0113 vado\u0161\u0101 motoriz\u0113t\u0101 \u0101ra darbu ier\u012b\u010du ra\u017eot\u0101ja Husqvarna, k\u0101 ar\u012b Jonsered, Partner un AL-KO z\u012bmolu motorz\u0101\u0123us, kr\u016bmgrie\u017eus, trimmerus, z\u0101les p\u013c\u0101v\u0113jus, aeratorus, lapu p\u016bt\u0113jus, elektroinstrumentus un visu nepiecie\u0161amo me\u017ea un d\u0101rza kop\u0161anai.<\/p>\n<p>Apsol\u0101m, ka zino\u0161i p\u0101rdev\u0113ji Jums pal\u012bdz\u0113s izv\u0113l\u0113ties atbilsto\u0161\u0101ko tehniku J\u016bsu v\u0113lm\u0113m un vajadz\u012bb\u0101m, k\u0101 ar\u012b nodro\u0161in\u0101m m\u016bsu ekspertu bezmaksas konsult\u0101cijas.<\/p>\n<p>Veicam ar\u012b tehnikas pieg\u0101di uz servisu un atpaka\u013c, k\u0101 ar\u012b robotiz\u0113to z\u0101les p\u013c\u0101v\u0113ju uzst\u0101d\u012b\u0161anu.<\/p>\n<p>Nodro\u0161in\u0101m p\u0101rdo\u0161an\u0101 eso\u0161\u0101s tehnikas garantijas un p\u0113cgarantijas servisu, apkopi un remontdarbus, kas tiks veikta, izmantojot or\u0123in\u0101l\u0101s rezerves da\u013cas. M\u016bsu meisteri var lepoties ar gadu garum\u0101 uzkr\u0101tu pieredzi un regul\u0101ri papildin\u0101t\u0101m zin\u0101\u0161an\u0101m un kvalifik\u0101ciju da\u017e\u0101da veida semin\u0101ros un apm\u0101c\u012bb\u0101s.<\/p>\n<p>M\u016bsu darb\u012bbas vadmot\u012bvs jau no dibin\u0101\u0161anas ir atbild\u012bba, kvalit\u0101te, profesionalit\u0101te un savstarp\u0113ja cie\u0146a darb\u0101 ar klientiem.<\/p>\n<p style=\"text-align: center;\">\n<p style=\"text-align: center;\">Gaid\u012bsim J\u016bs m\u016bsu veikal\u0101 Ogr\u0113, R\u012bgas iel\u0101 98a.<\/p>\n","protected":false},"excerpt":{"rendered":"<p>Ofici\u0101lais Husqvarna izplat\u012bt\u0101js SIA \u2018\u2018Ajona\u2019\u2019 pied\u0101v\u0101 me\u017ea un d\u0101rza darbiem nepiecie\u0161am\u0101s tehnikas un instrumentu tirdzniec\u012bbu, k\u0101 ar\u012b to garantijas un p\u0113cgarantijas apkopi un remontu kop\u0161 1996.gada. Pied\u0101v\u0101jam pasaul\u0113 vado\u0161\u0101 motoriz\u0113t\u0101 \u0101ra darbu ier\u012b\u010du ra\u017eot\u0101ja Husqvarna, k\u0101 ar\u012b Jonsered, Partner un AL-KO z\u012bmolu motorz\u0101\u0123us, kr\u016bmgrie\u017eus, trimmerus, z\u0101les p\u013c\u0101v\u0113jus, aeratorus, lapu p\u016bt\u0113jus, elektroinstrumentus un visu nepiecie\u0161amo me\u017ea&hellip;<\/p>\n<p class=\"more-link\"><a href=\"https:\/\/puces.lv\/?page_id=41\" class=\"themebutton2\">Read More<\/a><\/p>\n","protected":false},"author":1,"featured_media":0,"parent":0,"menu_order":0,"comment_status":"closed","ping_status":"closed","template":"","meta":[],"_links":{"self":[{"href":"https:\/\/puces.lv\/index.php?rest_route=\/wp\/v2\/pages\/41"}],"collection":[{"href":"https:\/\/puces.lv\/index.php?rest_route=\/wp\/v2\/pages"}],"about":[{"href":"https:\/\/puces.lv\/index.php?rest_route=\/wp\/v2\/types\/page"}],"author":[{"embeddable":true,"href":"https:\/\/puces.lv\/index.php?rest_route=\/wp\/v2\/users\/1"}],"replies":[{"embeddable":true,"href":"https:\/\/puces.lv\/index.php?rest_route=%2Fwp%2Fv2%2Fcomments&post=41"}],"version-history":[{"count":3,"href":"https:\/\/puces.lv\/index.php?rest_route=\/wp\/v2\/pages\/41\/revisions"}],"predecessor-version":[{"id":106,"href":"https:\/\/puces.lv\/index.php?rest_route=\/wp\/v2\/pages\/41\/revisions\/106"}],"wp:attachment":[{"href":"https:\/\/puces.lv\/index.php?rest_route=%2Fwp%2Fv2%2Fmedia&parent=41"}],"curies":[{"name":"wp","href":"https:\/\/api.w.org\/{rel}","templated":true}]}}