{"id":37,"date":"2018-06-22T22:56:54","date_gmt":"2018-06-22T20:56:54","guid":{"rendered":"http:\/\/puces.lv\/?page_id=37"},"modified":"2025-02-24T10:04:09","modified_gmt":"2025-02-24T07:04:09","slug":"kontakti","status":"publish","type":"page","link":"https:\/\/puces.lv\/?page_id=37","title":{"rendered":"Kontakti"},"content":{"rendered":"<p>&#8220;Husqvarna&#8221; SERVISA CENTRS<br \/>\nT\u0101lr 65071262<br \/>\nMob.t\u0101lr. 25653590<br \/>\nR\u012bgas iela 98a, Ogre LV-5001<\/p>\n<p>Darba laiks:<br \/>\nDarbadien\u0101s no 09:00 l\u012bdz 17:00<br \/>\nBr\u012bvdien\u0101s nestr\u0101d\u0101jam<\/p>\n<p><a href=\"mailto:ajonasia@inbox.lv\" target=\"_top\" rel=\"noopener noreferrer\">Nos\u016bt\u012bt e-pastu<\/a><br \/>\n<a href=\"http:\/\/www.puces.lv\">www.puces.lv<\/a><\/p>\n<div style=\"width: 700px;\"><iframe loading=\"lazy\" src=\"https:\/\/maps.google.com\/maps?width=700&amp;height=5000&amp;hl=en&amp;coord=56.8190688,24.57068920000006&amp;q=R%C4%ABgas%20iela%2098A%2C%20Ogre%2C%20Ogres%20pils%C4%93ta%2C%20LV-5001+(Ajona)&amp;ie=UTF8&amp;t=&amp;z=16&amp;iwloc=B&amp;output=embed\" width=\"700\" height=\"500\" frameborder=\"0\" marginwidth=\"0\" marginheight=\"0\" scrolling=\"no\"><a href=\"https:\/\/www.maps.ie\/create-google-map\/\">Embed Google Map<\/a><\/iframe><\/div>\n<p><iframe loading=\"lazy\" style=\"border: 0;\" src=\"https:\/\/www.google.com\/maps\/embed?pb=!4v1527590689037!6m8!1m7!1s3E2M5JvHqSo3ZEmWzVdkuw!2m2!1d56.81929650444449!2d24.57103433316789!3f215.94803558198186!4f-4.944051675654407!5f0.7820865974627469\" width=\"700\" height=\"500\" frameborder=\"0\" allowfullscreen=\"allowfullscreen\"><\/iframe><\/p>\n","protected":false},"excerpt":{"rendered":"<p>&#8220;Husqvarna&#8221; SERVISA CENTRS T\u0101lr 65071262 Mob.t\u0101lr. 25653590 R\u012bgas iela 98a, Ogre LV-5001 Darba laiks: Darbadien\u0101s no 09:00 l\u012bdz 17:00 Br\u012bvdien\u0101s nestr\u0101d\u0101jam Nos\u016bt\u012bt e-pastu www.puces.lv Embed Google Map<\/p>\n","protected":false},"author":1,"featured_media":0,"parent":0,"menu_order":0,"comment_status":"closed","ping_status":"closed","template":"","meta":[],"_links":{"self":[{"href":"https:\/\/puces.lv\/index.php?rest_route=\/wp\/v2\/pages\/37"}],"collection":[{"href":"https:\/\/puces.lv\/index.php?rest_route=\/wp\/v2\/pages"}],"about":[{"href":"https:\/\/puces.lv\/index.php?rest_route=\/wp\/v2\/types\/page"}],"author":[{"embeddable":true,"href":"https:\/\/puces.lv\/index.php?rest_route=\/wp\/v2\/users\/1"}],"replies":[{"embeddable":true,"href":"https:\/\/puces.lv\/index.php?rest_route=%2Fwp%2Fv2%2Fcomments&post=37"}],"version-history":[{"count":6,"href":"https:\/\/puces.lv\/index.php?rest_route=\/wp\/v2\/pages\/37\/revisions"}],"predecessor-version":[{"id":122,"href":"https:\/\/puces.lv\/index.php?rest_route=\/wp\/v2\/pages\/37\/revisions\/122"}],"wp:attachment":[{"href":"https:\/\/puces.lv\/index.php?rest_route=%2Fwp%2Fv2%2Fmedia&parent=37"}],"curies":[{"name":"wp","href":"https:\/\/api.w.org\/{rel}","templated":true}]}}