{"id":19,"date":"2018-06-22T08:38:39","date_gmt":"2018-06-22T06:38:39","guid":{"rendered":"http:\/\/puces.lv\/?page_id=19"},"modified":"2019-06-22T22:36:13","modified_gmt":"2019-06-22T19:36:13","slug":"akumulatoru-produkti","status":"publish","type":"page","link":"https:\/\/puces.lv\/?page_id=19","title":{"rendered":"Akumulatoru produkti"},"content":{"rendered":"<div class=\"col-sm-7 \">\n<div id=\"MainContentPlaceHolder_BaseContentPlaceHolder_pmaineditorial1_4_contentblockleft1_1_divCustomParam\" class=\"c-fnd-text-block \">\n<p><strong>Husqvarna akumulatora produkti \u2013 Iesl\u0113dz un uzl\u0101d\u0113<\/strong><\/p>\n<p>Husqvarna akumulatora s\u0113rijas produkti ir jaud\u012bgi un ar \u012bpa\u0161u dizainu, tie\u0161i t\u0101di, k\u0101dus j\u016bs sagaid\u0101t no Husqvarna. \u0112rti un pietiekami jaud\u012bgi, lai paveiktu jebkuru darbu \u2014 piem\u0113roti gan neregul\u0101riem, gan ikdienas darbam visas dienas garum\u0101. Lietojot m\u016bsu akumulatora produktus, j\u016bs ne tikai nov\u0113rt\u0113siet izme\u0161u neesam\u012bbu un minim\u0101lu apkopes nepiecie\u0161am\u012bbu, bet ar\u012b atvieglojumu, str\u0101d\u0101jot ar ier\u012bc\u0113m, kur\u0101 ir tik klusi dzin\u0113ji. M\u016bsu akumulatora produktu trok\u0161\u0146a l\u012bmenis ir par 13\u00a0dB(A) zem\u0101ks nek\u0101 ar benz\u012bnu darbin\u0101majiem produktiem.<\/p>\n<p><strong><img loading=\"lazy\" class=\"alignnone size-full wp-image-59\" src=\"http:\/\/puces.lv\/wp-content\/uploads\/2019\/06\/akumulatori.png\" alt=\"\" width=\"1394\" height=\"697\" srcset=\"https:\/\/puces.lv\/wp-content\/uploads\/2019\/06\/akumulatori.png 1394w, https:\/\/puces.lv\/wp-content\/uploads\/2019\/06\/akumulatori-300x150.png 300w, https:\/\/puces.lv\/wp-content\/uploads\/2019\/06\/akumulatori-768x384.png 768w, https:\/\/puces.lv\/wp-content\/uploads\/2019\/06\/akumulatori-1024x512.png 1024w\" sizes=\"(max-width: 1394px) 100vw, 1394px\" \/><\/strong><\/p>\n<p><a href=\"http:\/\/puces.lv\/?page_id=37\">Konsult\u0101cij\u0101m un ieg\u0101des iesp\u0113j\u0101m<\/a><\/p>\n<\/div>\n<\/div>\n","protected":false},"excerpt":{"rendered":"<p>Husqvarna akumulatora produkti \u2013 Iesl\u0113dz un uzl\u0101d\u0113 Husqvarna akumulatora s\u0113rijas produkti ir jaud\u012bgi un ar \u012bpa\u0161u dizainu, tie\u0161i t\u0101di, k\u0101dus j\u016bs sagaid\u0101t no Husqvarna. \u0112rti un pietiekami jaud\u012bgi, lai paveiktu jebkuru darbu \u2014 piem\u0113roti gan neregul\u0101riem, gan ikdienas darbam visas dienas garum\u0101. Lietojot m\u016bsu akumulatora produktus, j\u016bs ne tikai nov\u0113rt\u0113siet izme\u0161u neesam\u012bbu un minim\u0101lu apkopes&hellip;<\/p>\n<p class=\"more-link\"><a href=\"https:\/\/puces.lv\/?page_id=19\" class=\"themebutton2\">Read More<\/a><\/p>\n","protected":false},"author":1,"featured_media":0,"parent":35,"menu_order":0,"comment_status":"closed","ping_status":"closed","template":"","meta":[],"_links":{"self":[{"href":"https:\/\/puces.lv\/index.php?rest_route=\/wp\/v2\/pages\/19"}],"collection":[{"href":"https:\/\/puces.lv\/index.php?rest_route=\/wp\/v2\/pages"}],"about":[{"href":"https:\/\/puces.lv\/index.php?rest_route=\/wp\/v2\/types\/page"}],"author":[{"embeddable":true,"href":"https:\/\/puces.lv\/index.php?rest_route=\/wp\/v2\/users\/1"}],"replies":[{"embeddable":true,"href":"https:\/\/puces.lv\/index.php?rest_route=%2Fwp%2Fv2%2Fcomments&post=19"}],"version-history":[{"count":5,"href":"https:\/\/puces.lv\/index.php?rest_route=\/wp\/v2\/pages\/19\/revisions"}],"predecessor-version":[{"id":61,"href":"https:\/\/puces.lv\/index.php?rest_route=\/wp\/v2\/pages\/19\/revisions\/61"}],"up":[{"embeddable":true,"href":"https:\/\/puces.lv\/index.php?rest_route=\/wp\/v2\/pages\/35"}],"wp:attachment":[{"href":"https:\/\/puces.lv\/index.php?rest_route=%2Fwp%2Fv2%2Fmedia&parent=19"}],"curies":[{"name":"wp","href":"https:\/\/api.w.org\/{rel}","templated":true}]}}