{"id":103,"date":"2019-06-23T10:23:08","date_gmt":"2019-06-23T07:23:08","guid":{"rendered":"http:\/\/puces.lv\/?page_id=103"},"modified":"2019-06-23T10:23:08","modified_gmt":"2019-06-23T07:23:08","slug":"103-2","status":"publish","type":"page","link":"https:\/\/puces.lv\/","title":{"rendered":""},"content":{"rendered":"\n<p>Vis nepiecie\u0161amais d\u0101rzam un me\u017eam<\/p>\n","protected":false},"excerpt":{"rendered":"<p>Vis nepiecie\u0161amais d\u0101rzam un me\u017eam<\/p>\n","protected":false},"author":1,"featured_media":0,"parent":0,"menu_order":0,"comment_status":"closed","ping_status":"closed","template":"","meta":[],"_links":{"self":[{"href":"https:\/\/puces.lv\/index.php?rest_route=\/wp\/v2\/pages\/103"}],"collection":[{"href":"https:\/\/puces.lv\/index.php?rest_route=\/wp\/v2\/pages"}],"about":[{"href":"https:\/\/puces.lv\/index.php?rest_route=\/wp\/v2\/types\/page"}],"author":[{"embeddable":true,"href":"https:\/\/puces.lv\/index.php?rest_route=\/wp\/v2\/users\/1"}],"replies":[{"embeddable":true,"href":"https:\/\/puces.lv\/index.php?rest_route=%2Fwp%2Fv2%2Fcomments&post=103"}],"version-history":[{"count":1,"href":"https:\/\/puces.lv\/index.php?rest_route=\/wp\/v2\/pages\/103\/revisions"}],"predecessor-version":[{"id":104,"href":"https:\/\/puces.lv\/index.php?rest_route=\/wp\/v2\/pages\/103\/revisions\/104"}],"wp:attachment":[{"href":"https:\/\/puces.lv\/index.php?rest_route=%2Fwp%2Fv2%2Fmedia&parent=103"}],"curies":[{"name":"wp","href":"https:\/\/api.w.org\/{rel}","templated":true}]}}